{"id":21,"date":"2017-09-19T20:02:45","date_gmt":"2017-09-19T20:02:45","guid":{"rendered":"http:\/\/www.neurologie-dejvice.cz\/?page_id=21"},"modified":"2022-08-20T09:01:35","modified_gmt":"2022-08-20T09:01:35","slug":"co-nabizime","status":"publish","type":"page","link":"https:\/\/www.neurologie-dejvice.cz\/index.php\/co-nabizime\/","title":{"rendered":"CO NAB\u00cdZ\u00cdME"},"content":{"rendered":"<p><strong>L\u00c9\u010c\u00cdME<\/strong><br \/>\n&#8211; pohybov\u00e9 \u00fastroj\u00ed (bolesti od p\u00e1te\u0159e, zad a kon\u010detin)<br \/>\n&#8211; stavy po \u00farazech<br \/>\n&#8211; bolesti hlavy<br \/>\n&#8211; obt\u00ed\u017ee z p\u0159epracov\u00e1n\u00ed (tzv. mana\u017eersk\u00fd syndrom)<br \/>\n&#8211; polyneuropatie, neuropatie<br \/>\n&#8211; neurodegenerativn\u00ed onemocn\u011bn\u00ed<\/p>\n<p><strong>P\u0158I L\u00c9\u010cB\u011a A DIAGNOSTICE U\u017d\u00cdV\u00c1ME<\/strong><br \/>\n&#8211; klasick\u00e9 neurologick\u00e9 vy\u0161et\u0159en\u00ed<br \/>\n&#8211; elektroencefalografii<br \/>\n&#8211; manu\u00e1ln\u00ed medic\u00ednu<\/p>\n<p><strong>NAB\u00cdZ\u00cdME TATO VY\u0160ET\u0158EN\u00cd<\/strong><br \/>\n&#8211; EEG<\/p>\n<p>&#8211; EMG<\/p>\n<p><strong>MO\u017dNOST N\u00c1VAZNOSTI NA N\u00c1SLEDUJ\u00cdC\u00cd OBORY<\/strong><br \/>\n&#8211; rehabilitace<br \/>\n&#8211; psychologie<br \/>\n&#8211; alergologie<br \/>\n&#8211; gynekologie<br \/>\n&#8211; interna<\/p>\n","protected":false},"excerpt":{"rendered":"<p>L\u00c9\u010c\u00cdME &#8211; pohybov\u00e9 \u00fastroj\u00ed (bolesti od p\u00e1te\u0159e, zad a kon\u010detin) &#8211; stavy po \u00farazech &#8211; bolesti hlavy &#8211; obt\u00ed\u017ee z p\u0159epracov\u00e1n\u00ed (tzv. mana\u017eersk\u00fd syndrom) &#8211; polyneuropatie, neuropatie &#8211; neurodegenerativn\u00ed onemocn\u011bn\u00ed P\u0158I L\u00c9\u010cB\u011a A DIAGNOSTICE U\u017d\u00cdV\u00c1ME &#8211; klasick\u00e9 neurologick\u00e9 vy\u0161et\u0159en\u00ed &#8211; elektroencefalografii &#8211; manu\u00e1ln\u00ed medic\u00ednu NAB\u00cdZ\u00cdME TATO VY\u0160ET\u0158EN\u00cd &#8211; EEG &#8211; EMG MO\u017dNOST N\u00c1VAZNOSTI NA N\u00c1SLEDUJ\u00cdC\u00cd&#8230;<\/p>\n","protected":false},"author":2,"featured_media":0,"parent":0,"menu_order":0,"comment_status":"closed","ping_status":"closed","template":"","meta":{"footnotes":""},"class_list":["post-21","page","type-page","status-publish","hentry"],"_links":{"self":[{"href":"https:\/\/www.neurologie-dejvice.cz\/index.php\/wp-json\/wp\/v2\/pages\/21","targetHints":{"allow":["GET"]}}],"collection":[{"href":"https:\/\/www.neurologie-dejvice.cz\/index.php\/wp-json\/wp\/v2\/pages"}],"about":[{"href":"https:\/\/www.neurologie-dejvice.cz\/index.php\/wp-json\/wp\/v2\/types\/page"}],"author":[{"embeddable":true,"href":"https:\/\/www.neurologie-dejvice.cz\/index.php\/wp-json\/wp\/v2\/users\/2"}],"replies":[{"embeddable":true,"href":"https:\/\/www.neurologie-dejvice.cz\/index.php\/wp-json\/wp\/v2\/comments?post=21"}],"version-history":[{"count":4,"href":"https:\/\/www.neurologie-dejvice.cz\/index.php\/wp-json\/wp\/v2\/pages\/21\/revisions"}],"predecessor-version":[{"id":130,"href":"https:\/\/www.neurologie-dejvice.cz\/index.php\/wp-json\/wp\/v2\/pages\/21\/revisions\/130"}],"wp:attachment":[{"href":"https:\/\/www.neurologie-dejvice.cz\/index.php\/wp-json\/wp\/v2\/media?parent=21"}],"curies":[{"name":"wp","href":"https:\/\/api.w.org\/{rel}","templated":true}]}}

CO NABÍZÍME

<p><strong>LÉČÍME</strong><br />
&#8211; pohybové ústrojí (bolesti od páteře, zad a končetin)<br />
&#8211; stavy po úrazech<br />
&#8211; bolesti hlavy<br />
&#8211; obtíže z přepracování (tzv. manažerský syndrom)<br />
&#8211; polyneuropatie, neuropatie<br />
&#8211; neurodegenerativní onemocnění</p>
<p><strong>PŘI LÉČBĚ A DIAGNOSTICE UŽÍVÁME</strong><br />
&#8211; klasické neurologické vyšetření<br />
&#8211; elektroencefalografii<br />
&#8211; manuální medicínu</p>
<p><strong>NABÍZÍME TATO VYŠETŘENÍ</strong><br />
&#8211; EEG</p>
<p>&#8211; EMG</p>
<p><strong>MOŽNOST NÁVAZNOSTI NA NÁSLEDUJÍCÍ OBORY</strong><br />
&#8211; rehabilitace<br />
&#8211; psychologie<br />
&#8211; alergologie<br />
&#8211; gynekologie<br />
&#8211; interna</p>

<p>LÉČÍME &#8211; pohybové ústrojí (bolesti od páteře, zad a končetin) &#8211; stavy po úrazech &#8211; bolesti hlavy &#8211; obtíže z přepracování (tzv. manažerský syndrom) &#8211; polyneuropatie, neuropatie &#8211; neurodegenerativní onemocnění PŘI LÉČBĚ A DIAGNOSTICE UŽÍVÁME &#8211; klasické neurologické vyšetření &#8211; elektroencefalografii &#8211; manuální medicínu NABÍZÍME TATO VYŠETŘENÍ &#8211; EEG &#8211; EMG MOŽNOST NÁVAZNOSTI NA NÁSLEDUJÍCÍ&#8230;</p>
